*v = 2*r - 2. Let l be 7 + (-3)/(m*(5 + r)). Give q(l).
-1
Let s(m) = 8*m**2 - 6 - 142196*m**3 + 9*m + 142195*m**3 - 7. Determine s(9).
-13
Let a(h) be the third derivative of -h**6/60 + 17*h**5/60 + h**4/3 + 3*h**3/2 + 1668*h**2 - 1. What is a(9)?
0
Let s(i) = 11*i**2 - 9*i + 42. Let n(j) = 6*j**2 - j + 3. Let l(o) = 2*n(o) - s(o). What is l(-10)?
-6
Let c(v) = -v - 20. Suppose 3*h - 38 - 34 = 0. Suppose 100 = 14*i - h*i. Give c(i).
-10
Let d(y) = -686*y - 1369. Let p be d(-2). Let n(v) be the third derivative of -1/24*v**4 + 22*v**2 + 0 + 0*v + 1/2*v**p. What is n(-3)?
6
Let j(d) = -11213*d + 6*d**2 + 141 + 11220*d - d**3 - 138. Calculate j(6).
45
Let s be (2 + -2)*(8/9 + 9/81). Let n(z) = 5 - 3 + z**2 + 2. Give n(s).
4
Let c(h) = -h**2 + 31*h - 206277 - 3*h + 206325. Calculate c(29).
19
Let q(m) = m + 11. Let t be (651 + 3)/(12/4). Let k = 207 - t. Give q(k).
0
Suppose -3*w - 235 = -5*w - 249. Let n(a) = -5*a**2 - 46*a - 16. Let h(m) = -m**2 - 9*m - 3. Let l(f) = 11*h(f) - 2*n(f). Give l(w).
-1
Let w(k) = k + 9. Let p be w(-4). Suppose 2*u = 3*u + 2*d - 3, 5*u + p*d = 25. Suppose -9*t = -u*t + 10. Let j(l) = -l**2 - 4*l - 1. What is j(t)?
-6
Let b(z) = 2*z**2 - z - 2. Let w(r) = r**3 + 3*r**2 - 3*r - 1. Let i be w(1). Suppose 56 = 7*f - i*f. Suppose -2*o - 2 = -0*o - m, f = -o - 3*m. Give b(o).
8
Let c(p) = p - 11. Let t(o) = -3*o + 35. Let w(i) = 17*c(i) + 6*t(i). Suppose -2*q - d + 2 = 0, 2 = -q - q + d. Calculate w(q).
23
Let k(y) be the first derivative of -y**4/4 - 3*y**3 + 5*y**2 - 17*y - 2007. Give k(-10).
-17
Let b(g) be the third derivative of -g**6/120 - 7*g**5/30 + 17*g**4/24 + 13*g**3/6 + 51*g**2 + 3*g. Calculate b(-15).
-17
Suppose -4*p - 25 = -k - 0, 4*p = -4*k. Let o(v) be the third derivative of v**4/8 - v**3/6 - 19*v**2 + 27*v. Determine o(p).
-16
Let h(z) = -809*z - 95. Let s(f) = -347*f - 48. Let g(t) = 3*h(t) - 7*s(t). Calculate g(-20).
11
Let w(v) = -8*v**3 - v**2 + 3*v + 1. Let o(n) = -23*n**3 - 3*n**2 + 8*n + 3. Let g(i) = 3*o(i) - 8*w(i). Let y = 58093 - 58094. Determine g(y).
5
Let g = 9072 - 9075. Let c(m) = -2*m**3 - 5*m**2 - 3*m. What is c(g)?
18
Let y(c) be the third derivative of -11/2*c**3 + 27*c**2 + 0 + 1/24*c**4 + 0*c. Let l be y(30). Let r(o) = -o**3 - 4*o**2 - 2*o - 1. Give r(l).
-4
Let a(q) be the third derivative of -35*q**4/24 - 53*q**3 + 838*q**2. Determine a(-9).
-3
Let p be 506/(-154) - (-2)/7. Let j(x) = x. Let n(b) = -3*b**2 - 9*b + 1. Let f(c) = 5*j(c) + n(c). What is f(p)?
-14
Let j = -439 + 441. Let y(a) = 0*a**j - 3*a**2 + 7*a**2 - 2*a - 7*a**2 + 2*a**2. What is y(-2)?
0
Let t(x) = 4*x**2 + x - 4. Let o be 113 + 0 - -6*13/39. Let p = 112 - o. What is t(p)?
29
Let b(f) be the first derivative of f**6/360 + f**5/30 + f**4/12 + 55*f**3/3 + 2*f + 78. Let s(x) be the third derivative of b(x). Determine s(-6).
14
Let j(v) be the first derivative of -1 + 1/4*v**4 + 0*v**2 + 0*v**3 + v. Let a = -14342 - -14343. Calculate j(a).
2
Let g(s) = -10*s**2 + 2*s. Let z = -137 - -140. Let x be ((-18)/(-2 - 4))/(z/2). Give g(x).
-36
Suppose -87 = 5*o + 3*l - 307, -4*o = 5*l - 176. Let x be 184/o + 6/(-33). Let a(b) = -4*b + 3. Calculate a(x).
-13
Let l(n) = 66*n - 7 - 132*n + 68*n + 4 + 11. Suppose 2 = -4*u - 2*h - 0, -1 = 4*u + 3*h. Let i = u + -5. Determine l(i).
-4
Let f(d) = -3*d**3 + 54*d**2 - 6*d + 13. Let j(a) = 4*a**3 - 64*a**2 + 8*a - 16. Let k(h) = -6*f(h) - 5*j(h). What is k(-4)?
82
Let a(h) = h**3 + 3*h**2 + 3*h + 9. Let i be -15 + 2091/136 - (-70)/(-16). Give a(i).
-19
Let v(h) = -84*h - 123*h + 204*h - h**2 - 6. Give v(-6).
-24
Suppose 0 = -d - 8*d. Suppose -4*h - h + 170 = d. Suppose -4*i + j - h = 0, -i - 15 = -2*j - 3. Let f(l) = -l**2 - 9*l - 7. Calculate f(i).
1
Suppose g + 2*i + 8 = 0, -4*g = 4*i - 2325 + 2337. Let c(t) be the second derivative of t**3 + 0 - 33*t - 5/2*t**g - 5/12*t**4 - 1/20*t**5. Determine c(-6).
-5
Let o(w) be the second derivative of -w**3/6 - 5*w**2/2 - 1735*w. What is o(6)?
-11
Let s be 3/((-14)/3759*18/(-16)). Suppose -3*h + 731 = s. Let y(p) = -5*p**2 + 0 + 4*p + 2*p**3 - p**3 - 4. What is y(h)?
16
Let k(q) = -q**2 + 9*q + 12. Suppose -21*v + 25*v - 188 = 0. Suppose -4*l + 35 = 3*z, 7*l - z - v = 3*l. Determine k(l).
-10
Suppose -3128*x + 3072*x = 280. Let r(z) = z**3 + 4*z**2 + 4*z + 12. What is r(x)?
-33
Let l(m) = 73*m + m**3 + 66 - 102*m + 79*m**2 - 105*m**2. Determine l(27).
12
Suppose -t + 4*k - 27 = 0, -123*t + 2*k - 17 = -126*t. Let x(h) = 27*h - 29. Determine x(t).
-2
Let g(i) = 2*i - 8. Let w(x) = 15*x - 116. Let z(c) = 5*g(c) + w(c). Determine z(6).
-6
Let g(i) = i**3 - 18*i**2 + 29*i + 23. Let u be g(16). Let k be (-7)/(105/u)*-3. Let r(f) be the first derivative of f**3/3 + 2*f**2 - 7*f + 9. Give r(k).
-2
Let r(i) be the first derivative of 7*i + 78 - 1/2*i**2. Give r(7).
0
Let s(o) be the first derivative of -o**5/20 - o**4/4 - 5*o**2/2 + 218*o - 231. Let i(c) be the first derivative of s(c). What is i(-4)?
11
Let f(d) be the first derivative of -5*d**2/2 + 105*d - 2239. What is f(20)?
5
Let v(u) = 40 + 78 - 124 + 18 - 4*u + 59. What is v(12)?
23
Let n(l) be the second derivative of -l**5/20 - 3*l**4 - 16*l**3/3 + 69*l**2/2 + 678*l - 6. Calculate n(-35).
-36
Suppose 2*k + x = -1 + 2, k + 4 = 4*x. Let h(m) = m**2 + m - 34. Determine h(k).
-34
Let j(g) = 8*g - 2. Let w = 145 - 129. Let u(m) = -m**2 + 13*m + 50. Let p be u(w). Calculate j(p).
14
Let g be 1 - (-1 - 1/(-1)). Let u(t) = -5*t**2 + 6566 - 2184 - 2178 - 2205. Calculate u(g).
-6
Let u(h) be the second derivative of h**5/5 - h**4/12 + h**3/6 + 45*h + 13. Let j = -7 - -3. Let z = -3 - j. Calculate u(z).
4
Let m(r) = -34*r + 135. Suppose -i + 9 = 2*o, -69*o + 74*o - i = 19. What is m(o)?
-1
Suppose -2*l + 12 = 5*b, -5*l + 13 = -4*l - b. Suppose 0 = -l*q + 5*q. Let u(g) = -4*g - 3 + 2*g**2 + q - g**2 - g. What is u(6)?
3
Let s(y) = y**2 + 3*y - 8. Suppose -9*p + 46 = -791. Let j = -99 + p. Determine s(j).
10
Let v(h) be the third derivative of h**4/6 + 5*h**3/6 + 1633*h**2. Calculate v(3).
17
Suppose 135 = 980*l - 1025*l. Let i(h) = -19*h - 80. What is i(l)?
-23
Suppose -2*h + 4*w + 206 = 0, 414 + 38 = 4*h + 2*w. Let b(o) = o + 113 + 0*o - h. What is b(-13)?
-11
Suppose 5*b + 4*s - 41 - 36 = 0, 2*b + 4*s - 38 = 0. Let f(k) = 14*k - 7 - k**2 + 4 - 3. Give f(b).
7
Let c(a) = 2*a**2 + 2*a + 11. Let f be c(-7). Let o = f + 97. Let b(v) = -193 - 7*v**2 - v**2 + o - v**3. Calculate b(-8).
-1
Let y(s) = -s**3 + 4*s**2 - s. Let b = -9 - -14. Let p = -457 - -455. Let l(v) = -2*v**3 + 8*v**2 - 2*v + 1. Let g(q) = b*y(q) + p*l(q). Give g(3).
4
Let k(u) = -2*u**3 - 7*u**2 + 10*u - 8. Let l(a) = -a**3 - 3*a**2 + 5*a - 4. Let r be (-10)/4 + 3/6. Let v(i) = r*k(i) + 5*l(i). What is v(3)?
-25
Let c(u) = -u**3 - 13*u**2 - 23*u - 16. Let a = 799 + -810. Give c(a).
-5
Let m(w) be the third derivative of w**6/360 - 7*w**5/120 - 7*w**4/24 - 53*w**3/2 + 2*w**2 + 11. Let g(b) be the first derivative of m(b). Give g(9).
11
Let k(s) = -60*s - 11. Let t(a) = 47*a + 10. Let r(u) = -4*k(u) - 5*t(u). Give r(4).
14
Let f(x) = 6636*x**2 + 13 - 18*x - 3322*x**2 - 3311*x**2. Give f(5).
-2
Let k(m) = m**3 - 40*m**2 - 42*m + 39. Let n be k(41). Let l(j) be the first derivative of 5*j**2 + 3*j + 5. What is l(n)?
-17
Let u(l) = -16*l**2 + 36*l - 56. Let m(s) = -3*s**2 + 7*s - 11. Suppose 4*i - r + 40 = -4, -5*r = -3*i - 33. Let b(c) = i*m(c) + 2*u(c). Calculate b(7).
23
Let f be 0 + 44 + (7 + -4)*1. Suppose 48*w = f*w - 6. Let h(v) = -v**3 - 7*v**2 - 7*v + 8. What is h(w)?
14
Let c(z) = -z**2 + 5*z + 2. Suppose 2*u - 4*u + 186 = 0. Suppose -2*t + 17 = -u. Let o be (-10)/t + 57/11. Determine c(o).
2
Let k(j) = -j**3 + 3*j**2 + 10*j + 2. Let b be k(5). Suppose 5*p = 2*q - 12, 5*q - 4*p + 6 = b. Let n(r) = 8*r + 2. What is n(q)?
-30
Let a be (-5)/(-45)*906 - 1/(-3). Suppose 0 = 8*j - 29 + a. Let u(l) = 9 + 2*l - l + 3*l - 2*l. Determine u(j).
-9
Let l(q) be the third derivative of q**5/30 - 17*q**4/24 + 29*q**3/6 - 2*q**2 - 131. What is l(9)?
38
Let o(f) = -f**3 + 2*f**2 + 1. Suppose -11*g + 25 = 3. Suppose d = -g*r + 6, d + 6 = -0*r + 4*r. Calculate o(r).
1
Let g(f) = f**3 + 5*f**2 - 7*f - 3. Let m(s) = -4*s + 79. Let r be m(21). Let y be ((-285)/(-9))/r - 3/(-9). What is g(y)?
3
Suppose 37*a = 47*a - 200. Suppose -3*h + 5*d = -37, d